{"id":794,"date":"2009-02-10T18:38:49","date_gmt":"2009-02-10T18:38:49","guid":{"rendered":"http:\/\/www.truflun.net\/arny\/?page_id=2"},"modified":"2009-02-10T18:38:49","modified_gmt":"2009-02-10T18:38:49","slug":"um","status":"publish","type":"page","link":"https:\/\/truflun.net\/arny\/um\/","title":{"rendered":"Um"},"content":{"rendered":"<p>H\u00f6fundurinn heitir \u00c1rn\u00fd Gu\u00f0mundsd\u00f3ttir, er heimavinnandi meistaranemi \u00ed T\u00fcbingen, \u00de\u00fdskalandi.\u00a0 Helstu \u00fe\u00e1tttakendur \u00ed \u00feessu bloggi eru fj\u00f6lskyldume\u00f0limir, eiginma\u00f0ur og \u00ferj\u00fa b\u00f6rn okkar sem eru f\u00e6dd 2000, 2003 og 2006.<\/p>\n","protected":false},"excerpt":{"rendered":"<p>H\u00f6fundurinn heitir \u00c1rn\u00fd Gu\u00f0mundsd\u00f3ttir, er heimavinnandi meistaranemi \u00ed T\u00fcbingen, \u00de\u00fdskalandi.\u00a0 Helstu \u00fe\u00e1tttakendur \u00ed \u00feessu bloggi eru fj\u00f6lskyldume\u00f0limir, eiginma\u00f0ur og \u00ferj\u00fa b\u00f6rn okkar sem eru f\u00e6dd 2000, 2003 og 2006.<\/p>\n","protected":false},"author":1,"featured_media":0,"parent":0,"menu_order":0,"comment_status":"closed","ping_status":"closed","template":"","meta":{"footnotes":""},"class_list":["post-794","page","type-page","status-publish","hentry"],"_links":{"self":[{"href":"https:\/\/truflun.net\/arny\/wp-json\/wp\/v2\/pages\/794","targetHints":{"allow":["GET"]}}],"collection":[{"href":"https:\/\/truflun.net\/arny\/wp-json\/wp\/v2\/pages"}],"about":[{"href":"https:\/\/truflun.net\/arny\/wp-json\/wp\/v2\/types\/page"}],"author":[{"embeddable":true,"href":"https:\/\/truflun.net\/arny\/wp-json\/wp\/v2\/users\/1"}],"replies":[{"embeddable":true,"href":"https:\/\/truflun.net\/arny\/wp-json\/wp\/v2\/comments?post=794"}],"version-history":[{"count":0,"href":"https:\/\/truflun.net\/arny\/wp-json\/wp\/v2\/pages\/794\/revisions"}],"wp:attachment":[{"href":"https:\/\/truflun.net\/arny\/wp-json\/wp\/v2\/media?parent=794"}],"curies":[{"name":"wp","href":"https:\/\/api.w.org\/{rel}","templated":true}]}}