{"id":446,"date":"2006-11-09T23:05:11","date_gmt":"2006-11-09T23:05:11","guid":{"rendered":"http:\/\/gamla.truflun.net\/daniel\/?page_id=446"},"modified":"2006-11-09T23:05:11","modified_gmt":"2006-11-09T23:05:11","slug":"ljo%c3%b0-eftir-a%c3%b0ra","status":"publish","type":"page","link":"https:\/\/truflun.net\/daniel\/ljo%c3%b0-eftir-a%c3%b0ra\/","title":{"rendered":"Gjafahugmyndir"},"content":{"rendered":"<p>Me\u00f0 reglulegu millibili, \u00e1 u.\u00fe.b. h\u00e1lfs \u00e1rs fresti, \u00fe.e. fyrir j\u00f3lin og afm\u00e6li\u00f0 mitt, er \u00e9g spur\u00f0ur a\u00f0 \u00fev\u00ed\u00ad hva\u00f0 \u00e9g vilji f\u00e1 \u00ed\u00ad j\u00f3la- e\u00f0a afm\u00e6lisgj\u00f6f. Ver\u00f0ur \u00fe\u00e1 yfirleitt f\u00e1tt um sv\u00f6r. \u00deess vegna \u00e6tla \u00e9g a\u00f0 fara a\u00f0 d\u00e6mi <a href=\"http:\/\/gamla.truflun.net\/oligneisti\/\">\u00d3la Gneista<\/a> og setja upp svona <a href=\"http:\/\/gamla.truflun.net\/oligneisti\/gjafahugmyndir\/\">lista me\u00f0 gjafahugmyndum<\/a>. \u00deetta eru s.s. hugmyndir a\u00f0 gj\u00f6fum fyrir a\u00f0ra a\u00f0 gefa m\u00e9r. N\u00e6st \u00feegar \u00e9g ver\u00f0 spur\u00f0ur hva\u00f0 mig langi \u00ed\u00ad \u00ed\u00ad gj\u00f6f get \u00e9g \u00fe\u00e1 opna\u00f0 \u00feessa s\u00ed\u00ad\u00f0u og athuga\u00f0 hva\u00f0 mig hefur langa\u00f0 \u00ed\u00ad.<br \/>\nH\u00e9r er svo listinn:<br \/>\n* <a href=\"http:\/\/www.amazon.com\/dp\/B0015T963C\/?tag=gocous-20&amp;hvadid=5265775997&amp;ref=pd_sl_7p2cs87ah_b\">Amazon Kindle<\/a><br \/>\n* Aukaspurningar fyrir Spurt a\u00f0 leikslokum og \u00fe\u00e1 helst <a href=\"http:\/\/www.spurtadleikslokum.is\/spilid_popp.html\">3.<\/a> og <a href=\"http:\/\/www.spurtadleikslokum.is\/spilid_uoa.html\">4.<\/a> pakkann.<br \/>\n* B\u00e6kur eftir Robert Rankin, \u00fe\u00f3 ekki; <em>Sprout Mask Replica, The da-da-de-da-da code<\/em> e\u00f0a <em>The hollow chocolate bunnies of the apocalypse<\/em>. \u00c9g er b\u00fainn a\u00f0 lesa \u00fe\u00e6r.<br \/>\n* B\u00e6kur eftir Tom Holt, fyrir utan: <em>Who&#8217;s Afraid of Beowulf?, Flying Dutch, Faust Among Equals, My Hero, Snow White and the Seven Samurai, Valhalla<\/em> og <em>Nothing But Blue Skies<\/em>. \u00de\u00e6r \u00e1 \u00e9g.<br \/>\n* Ofnhanskar (\u00feykka og g\u00f3\u00f0a).<br \/>\n* Svo eru skyrtur alltaf vel \u00feegnar.<\/p>\n<p>S\u00ed\u00ad\u00f0asti listi gaf mj\u00f6g g\u00f3\u00f0a raun. Af honum hef \u00e9g eignast: Tv\u00e6r b\u00e6kur eftir Robert Rankin, spurningaspili\u00f0 Spurt a\u00f0 leikslokum, br\u00fdni, hamborgarapressu, piparkv\u00f6rn og jakkaf\u00f6t. Sumt af \u00feessu keypti \u00e9g sj\u00e1lfur, anna\u00f0 f\u00e9kk \u00e9g a\u00f0 gj\u00f6f og \u00feakka k\u00e6rlega fyrir mig.<\/p>\n","protected":false},"excerpt":{"rendered":"<p>Me\u00f0 reglulegu millibili, \u00e1 u.\u00fe.b. h\u00e1lfs \u00e1rs fresti, \u00fe.e. fyrir j\u00f3lin og afm\u00e6li\u00f0 mitt, er \u00e9g spur\u00f0ur a\u00f0 \u00fev\u00ed\u00ad hva\u00f0 \u00e9g vilji f\u00e1 \u00ed\u00ad j\u00f3la- e\u00f0a afm\u00e6lisgj\u00f6f. Ver\u00f0ur \u00fe\u00e1 yfirleitt f\u00e1tt um sv\u00f6r. \u00deess vegna \u00e6tla \u00e9g a\u00f0 fara a\u00f0 d\u00e6mi \u00d3la Gneista og setja upp svona lista me\u00f0 gjafahugmyndum. \u00deetta eru s.s. hugmyndir a\u00f0 [&hellip;]<\/p>\n","protected":false},"author":15,"featured_media":0,"parent":0,"menu_order":1,"comment_status":"open","ping_status":"open","template":"","meta":{"footnotes":""},"class_list":["post-446","page","type-page","status-publish","hentry"],"_links":{"self":[{"href":"https:\/\/truflun.net\/daniel\/wp-json\/wp\/v2\/pages\/446","targetHints":{"allow":["GET"]}}],"collection":[{"href":"https:\/\/truflun.net\/daniel\/wp-json\/wp\/v2\/pages"}],"about":[{"href":"https:\/\/truflun.net\/daniel\/wp-json\/wp\/v2\/types\/page"}],"author":[{"embeddable":true,"href":"https:\/\/truflun.net\/daniel\/wp-json\/wp\/v2\/users\/15"}],"replies":[{"embeddable":true,"href":"https:\/\/truflun.net\/daniel\/wp-json\/wp\/v2\/comments?post=446"}],"version-history":[{"count":0,"href":"https:\/\/truflun.net\/daniel\/wp-json\/wp\/v2\/pages\/446\/revisions"}],"wp:attachment":[{"href":"https:\/\/truflun.net\/daniel\/wp-json\/wp\/v2\/media?parent=446"}],"curies":[{"name":"wp","href":"https:\/\/api.w.org\/{rel}","templated":true}]}}