{"id":7835,"date":"2012-03-13T18:52:19","date_gmt":"2012-03-13T18:52:19","guid":{"rendered":"https:\/\/truflun.net\/oligneisti\/?page_id=7835"},"modified":"2020-05-05T13:05:07","modified_gmt":"2020-05-05T13:05:07","slug":"en","status":"publish","type":"page","link":"https:\/\/truflun.net\/oligneisti\/en\/","title":{"rendered":"English"},"content":{"rendered":"<p>\u00d3li Gneisti S\u00f3leyjarson (1979) has a B.A. in library and information science, a M.A. in Folklore and a M.A. in Applied Studies in Culture and Communication all from the University of Iceland. He is the former president and board member of the Folklorist Society of Iceland. He has worked at the National and University of Iceland and the \u00c1rni Magn\u00fasson Institute for Icelandic Studies. He has taught at the University of Iceland and the University of Reykjav\u00edk. His research interests include ebooks, social media, games, copyright, online piracy, <em>Star Trek<\/em>, and oral tradition within the gospels of the New Testament.<\/p>\n<p>\u00d3li also hosts a podcast called <a href=\"http:\/\/storiesoficeland.com\">Stories of Iceland<\/a>.<\/p>\n<p>\u00d3li can be reached through email @gneistinn.is while the first part is oli.<\/p>\n","protected":false},"excerpt":{"rendered":"<p>\u00d3li Gneisti S\u00f3leyjarson (1979) has a B.A. in library and information science, a M.A. in Folklore and a M.A. in Applied Studies in Culture and Communication all from the University of Iceland. He is the former president and board member of the Folklorist Society of Iceland. He has worked at the National and University of &hellip; <a href=\"https:\/\/truflun.net\/oligneisti\/en\/\" class=\"more-link\">Halda \u00e1fram a\u00f0 lesa: <span class=\"screen-reader-text\">English<\/span><\/a><\/p>\n","protected":false},"author":1,"featured_media":0,"parent":0,"menu_order":0,"comment_status":"closed","ping_status":"closed","template":"","meta":{"footnotes":""},"class_list":["post-7835","page","type-page","status-publish","hentry"],"_links":{"self":[{"href":"https:\/\/truflun.net\/oligneisti\/wp-json\/wp\/v2\/pages\/7835","targetHints":{"allow":["GET"]}}],"collection":[{"href":"https:\/\/truflun.net\/oligneisti\/wp-json\/wp\/v2\/pages"}],"about":[{"href":"https:\/\/truflun.net\/oligneisti\/wp-json\/wp\/v2\/types\/page"}],"author":[{"embeddable":true,"href":"https:\/\/truflun.net\/oligneisti\/wp-json\/wp\/v2\/users\/1"}],"replies":[{"embeddable":true,"href":"https:\/\/truflun.net\/oligneisti\/wp-json\/wp\/v2\/comments?post=7835"}],"version-history":[{"count":3,"href":"https:\/\/truflun.net\/oligneisti\/wp-json\/wp\/v2\/pages\/7835\/revisions"}],"predecessor-version":[{"id":18655,"href":"https:\/\/truflun.net\/oligneisti\/wp-json\/wp\/v2\/pages\/7835\/revisions\/18655"}],"wp:attachment":[{"href":"https:\/\/truflun.net\/oligneisti\/wp-json\/wp\/v2\/media?parent=7835"}],"curies":[{"name":"wp","href":"https:\/\/api.w.org\/{rel}","templated":true}]}}